er when k is divided by (-1)/(-2*f/(-24)).
3
Let o = 30 + -28. Calculate the remainder when 2 is divided by o.
0
Let b(h) = -3*h + 3. What is the remainder when 27 is divided by b(-4)?
12
Suppose 0*a + 4*a = 152. Let p(b) = -b**2 + 9*b + 5. What is the remainder when a is divided by p(8)?
12
Let w be -1 + (2 - 0 - -6). Let i = w + 0. Calculate the remainder when 19 is divided by i.
5
Suppose -15 = 3*t + 2*t. Let y = t - 5. Let n(c) = -c - 1. What is the remainder when 11 is divided by n(y)?
4
Let w = -57 - -67. Calculate the remainder when 78 is divided by w.
8
Suppose 21*l = 16*l + 85. Calculate the remainder when 33 is divided by l.
16
Suppose 0 = -i + 3*h - 12, 0 = -3*i - 3*h + 2*h - 26. Calculate the remainder when 30/(-1 - 15/(-6)) is divided by 1*-3*21/i.
6
Let a = 112 - 16. What is the remainder when a is divided by 34?
28
Suppose 5 = -3*d - 7, -5*b = -5*d - 55. Suppose 4*c + 4*o = 72, -2*c - 60 = -b*c + o. Calculate the remainder when 49 is divided by c.
10
Let v(u) = -2*u - 12. Let n be v(-10). Calculate the remainder when ((-2)/(-1))/(n/156) is divided by 14.
11
Suppose -55 = -2*y - 3*y + 2*r, 0 = 3*r. Calculate the remainder when 108 is divided by y.
9
Let c(j) = -j**2 - 14*j - 5. Let m be c(-14). Let w be -1*(2 + 0) - -11. Let a = w - m. Calculate the remainder when 54 is divided by a.
12
Let r = 424 + -229. What is the remainder when 46 is divided by r/12 - (-2)/(-8)?
14
Suppose 5*x - 28 = 4*n - 0*x, 2*n + x = 0. Let t = n - 15. Let v = 25 + t. What is the remainder when 30 is divided by v?
6
Suppose d + 2*p = 12 + 58, 2*d - 132 = -2*p. Calculate the remainder when d is divided by 16.
14
Let o(x) = 18*x**2 - 2*x. Calculate the remainder when 62 is divided by o(1).
14
Let o(n) = -n**2 + 6*n - 2. Let s be o(7). Calculate the remainder when 19 is divided by (-30)/(-4)*(-6)/s.
4
Suppose -5*b - b + 66 = 0. Calculate the remainder when 53 is divided by b.
9
Let o = -9 + 5. Let f = 9 + o. Suppose -f*p - 4*s + 158 = 0, -p - 5*s + 22 = 3. Calculate the remainder when p is divided by 18.
16
Suppose 3*j + 27 = 5*k, 4*j + k = -0 - 13. Calculate the remainder when (5 - 9)*22/j is divided by 12.
10
Let i = -13 - -23. Calculate the remainder when 49 is divided by (-104)/10*i/(-4).
23
Calculate the remainder when 117 is divided by (-100)/15*2/8*-15.
17
Let p be 196/6 - (-7)/21. Suppose 0*c - 27 = -2*c + 3*z, 4*c + z = p. What is the remainder when 17 is divided by c?
8
Let o be -3*(1 - 0)*-29. Suppose 9 = -3*q + o. What is the remainder when q is divided by 9?
8
Suppose 0 = 4*j - 3*x - 42, 2*j + 2*x = 3*x + 20. What is the remainder when 114 is divided by j?
6
Let j(v) = -5*v - 23. What is the remainder when 22 is divided by j(-5)?
0
Let d(c) = c**3 - 5*c**2 + 7*c - 9. Calculate the remainder when d(6) is divided by 24.
21
Let m(q) = 3*q - 4. Calculate the remainder when ((-2)/(-4))/(1/108) is divided by m(6).
12
Let j(p) = -2*p**2 + 4*p + 4. Let l be j(-2). Let f(g) = -3*g - 18. Calculate the remainder when f(l) is divided by 7.
4
Let z(d) be the first derivative of -4*d**2 + 2*d + 1. Calculate the remainder when 53 is divided by z(-2).
17
Suppose -4*z = -i + 5, z - 4*i - 10 = -6*i. Suppose 2*f - 16 = -z*f. Calculate the remainder when (15/(-10))/(6/(-88)) is divided by f.
6
Let f(p) = p**3 + 6*p**2 - 9*p + 21. Suppose 57 = -0*u + 3*u. What is the remainder when f(-7) is divided by u?
16
Suppose -2*m = 3*m - 65. What is the remainder when m is divided by 4?
1
Let d be (-4)/(-14) + (-508)/14. What is the remainder when 41 is divided by d/(-3) - (-1 + 2)?
8
Suppose 275 - 49 = 2*l. What is the remainder when l is divided by 23?
21
Let i = -9 - -6. Let m be (-1 - -2)*(i + 25). Let z = m + -4. Calculate the remainder when 34 is divided by z.
16
Let r(d) = -d**3 - 11*d**2 + 11*d + 3. What is the remainder when 267 is divided by r(-12)?
12
Let h = 3 + -6. Calculate the remainder when (5 + h + -21)*-2 is divided by 13.
12
Suppose -5*j + 55 = 5*x - 45, 3*j + 4*x - 58 = 0. Let s = -9 + j. Calculate the remainder when 37 is divided by s.
11
Let o = 20 + -8. Calculate the remainder when 22 is divided by o.
10
Let r = 7 - 5. Suppose -u - 2*b = -5*b - 12, r*b - 2 = 0. Suppose -10*k + 5*k = -40. Calculate the remainder when u is divided by k.
7
What is the remainder when 147 is divided by -48*6/(-9) - 6/3?
27
Suppose -6 = -3*r - 0*r. Suppose -5*l = r*z - 6, -2 = -5*l - 4*z - 0. Suppose l*n = 5*n - 75. Calculate the remainder when n is divided by 13.
12
Let z = -12 - -22. What is the remainder when (0 - (-57)/(-6))*(-1 + -1) is divided by z?
9
Let q(r) = r**2 + 3. What is the remainder when q(-4) is divided by 11?
8
Suppose 4*z - 6*z + 22 = 0. Suppose 11*v = 12*v - 43. Calculate the remainder when v is divided by z.
10
Suppose -90 = -c - 2*c. Suppose -2*j - c = -5*j. Suppose 2*u + 0*u - 2*k - 4 = 0, u - 5*k + 6 = 0. What is the remainder when j is divided by u?
2
Suppose -5*b = -89 + 24. Calculate the remainder when 23 is divided by b.
10
Let n = -27 + 101. Let y(f) = -42*f - 1. Let o be y(-2). Let c = o - 58. Calculate the remainder when n is divided by c.
24
Suppose 3*b - 2*f + 4*f - 54 = 0, -4*b + 3*f + 72 = 0. What is the remainder when 32 is divided by b?
14
Suppose 2*v + k - 30 = 0, -4*v + 2*k + 59 = 15. Calculate the remainder when v is divided by 8.
5
Let m(x) = 4*x**2 + 2*x - 12. What is the remainder when m(-4) is divided by 24?
20
What is the remainder when 17 is divided by 3/(-5) - (-196)/35?
2
Suppose -5*d + 4*n = -117, -3*d + 4*n + 78 = -n. What is the remainder when d is divided by 8?
5
Let x(b) = b**2 - 3*b - 5. What is the remainder when x(5) is divided by 4?
1
Suppose -2*w + 30 = l + w, 0 = 4*l + 2*w - 140. Suppose 0 = 5*t + l - 91. Calculate the remainder when 19 is divided by t.
8
Let h = -133 - -193. What is the remainder when h is divided by 21?
18
Let s = 5 + 22. What is the remainder when s is divided by 14?
13
Let c(t) be the third derivative of 5*t**4/12 - 5*t**3/6 - 7*t**2. Calculate the remainder when c(4) is divided by 12.
11
Suppose -q - 5*v = -20, -5*q + v - 2 = 2. Suppose q*p = -2*p + 44. What is the remainder when 41 is divided by p?
19
Suppose 5*a + l = 3*l + 211, 4*a - l - 170 = 0. Let s(b) = b + 17. Calculate the remainder when a is divided by s(-6).
10
Suppose 8*v - 73 + 281 = 0. Let q = 30 + v. What is the remainder when 8 is divided by q?
0
What is the remainder when 10 is divided by (6/8)/(2/8)?
1
Let h(r) = r + 4. Suppose -1 + 2 = -2*l + 5*w, l = -3*w + 16. Let k be h(l). Let f = k + -6. Calculate the remainder when 12 is divided by f.
2
Suppose -4*f + 495 = -y, 0 = -f - 3*f - 3*y + 483. What is the remainder when f is divided by 31?
30
Suppose -c - 5 = c - 3*q, 0 = -q + 3. Suppose c*f + 21 = 5*f. Let o = 38 + -19. Calculate the remainder when o is divided by f.
5
Let u(c) = -3*c - 3. Let d be u(-2). Suppose -5*f - 55 = -5*i, -f + 28 = 3*i - d*f. Calculate the remainder when 11 is divided by i.
5
Calculate the remainder when 5/10*(1 - -245) is divided by 31.
30
Suppose 4*p - p - 174 = 0. Calculate the remainder when 46 is divided by p/5 - 8/(-20).
10
Let b = -47 + 95. Suppose -2*l - b = -5*l. Calculate the remainder when ((-47)/4)/(2/(-8)) is divided by l.
15
Suppose -6*z + 320 = -z. Calculate the remainder when z is divided by 17.
13
Suppose 0 = -5*l + l + 368. Let s = l - 52. Suppose -s = -5*q - 0. What is the remainder when q is divided by 5?
3
Suppose 3*c - 5*f - 132 = 0, -7*c - 2*f = -11*c + 162. Calculate the remainder when 153 is divided by c.
36
Suppose 5*i + 4 = -1. Calculate the remainder when (i*1)/((-6)/60) is divided by 6.
4
Let t(q) = q**3 - 6*q**2 + 5*q + 2. Let m be t(5). Suppose m*n = j - 22 - 15, -32 = -j + n. What is the remainder when j is divided by 14?
13
Suppose 14 + 6 = 5*n. Calculate the remainder when 11 is divided by n.
3
Let g = 31 - 45. Let z be g/(-6) - (-2)/(-6). What is the remainder when 18 is divided by 10/(-6)*(-12)/z?
8
Let f = -42 - -63. Calculate the remainder when f is divided by 7.
0
Let t be 9/(-6)*(2 - 4). Suppose -t*u - 3*f + 10 = -5*f, 5*u - 21 = -f. Suppose -u*j + 0*j + 12 = 0. Calculate the remainder when 8 is divided by j.
2
Suppose 5*c - 26 = -3*f, 4*c = -5*f + 22 + 17. What is the remainder when 20 is divided by f?
6
Suppose 5*i + 6*m - 71 = 3*m, 67 = 5*i + m. Let o b